Suppose -63*i + 61*i + 270 = 0. Suppose -3*y = 5*k - 0*k - 162, 4*k = 3*y + i. What is the greatest common divisor of k and 1023?
33
Suppose 72 = 9*q + 18. Let r = -22 - -11. Let c be (-1)/5 + q/((-30)/r). Calculate the highest common factor of c and 3.
1
Suppose -4*q = -161 - 22 - 93. What is the highest common divisor of 1403 and q?
23
Suppose 0 = -2*j - 0*j + 2, 2*k - 3*j - 231 = 0. Suppose 137 = 3*u + r, -7*u = -3*u - r - 178. Calculate the highest common factor of k and u.
9
Suppose 5*j - 44 = 3*a, -5*j + 7*j - 24 = -2*a. Let b(t) = -t + 30. Let y be b(j). What is the highest common divisor of 50 and y?
10
Suppose 4*b - 36 = 2*v, v - 17 + 0 = -3*b. Suppose 194 + 163 = b*z. Calculate the greatest common factor of 17 and z.
17
Suppose -r = 2*r - 6. Suppose r*n - 26 - 6 = 0. Suppose 4*j - n = -2*f, -1 = -f + 2*j + 3. What is the greatest common factor of f and 4?
2
Suppose 5*f = 2*x + 14916, 8*f - 2*x + 11922 = 12*f. What is the greatest common factor of f and 84?
42
Let h = -43 - -114. Suppose 4*m - h = -23. Calculate the greatest common factor of m and 96.
12
Suppose -2*x = -5*b - 49, -3*x - 4*b + 134 = 72. Suppose -2*t + 506 = -0*t. Calculate the highest common factor of x and t.
11
Let m be (3 - -3)/(-3) + 57. Let r(k) = 2*k**2 - 2*k + 1. Let s(i) = -3*i - 22. Let w be s(-8). Let d be r(w). What is the greatest common factor of d and m?
5
Let b be ((-10865)/3180 + (-20)/6 + 2)*-132. Let r(c) = c**2 + 7*c - 3. Let u be r(5). Calculate the greatest common divisor of b and u.
57
Suppose 0 = -3*a - 2*a. Suppose a = 2*b - 0*b - 16. Let j(z) = -48*z - 808. Let l be j(-17). Calculate the highest common factor of b and l.
8
Let q = -9004 + 9121. Calculate the highest common divisor of q and 299.
13
Let p = -342 + 495. Let b = p + -63. Let n = -21 + 36. What is the greatest common factor of b and n?
15
Let m be 2/(-8)*-41 + (-136)/544. Suppose 1680 = -m*t + 16*t. What is the highest common divisor of 32 and t?
8
Suppose 16*n + 16*n - 574 = 1186. What is the greatest common factor of 176 and n?
11
Suppose 0 = 6*n - n + 15. Let k(c) = 2*c**2 + 5*c + 3. Let y be k(n). Calculate the greatest common factor of 6 and y.
6
Let a = 12587 + -12279. What is the highest common divisor of a and 3003?
77
Suppose -410 = -2*h + 352. Suppose -6*s + 429 + h = 0. Calculate the greatest common divisor of s and 27.
27
Let b be (2 - 4) + 9 + 2. Suppose -37*u = 120*u - 463 - 8. Calculate the highest common divisor of u and b.
3
Let w be ((-16639)/(-2))/((-38)/(-228)). Calculate the greatest common factor of 21 and w.
21
Suppose -50*g + 1472 = -328. What is the greatest common factor of 531 and g?
9
Let h = -173 + 796. Let o = h - 371. What is the highest common factor of o and 36?
36
Let q(n) = -n**3 + 27*n**2 - 5*n - 304. Let c be q(26). What is the highest common factor of c and 6171?
121
Suppose -4*v - 14 = 26. Let i(z) = -3*z + 2. Let o be i(v). Suppose 729*b - 755*b = -2080. What is the greatest common factor of o and b?
16
Let y be 77/21 - 1/(-3). Suppose -5*d = -m - 19, 0 = y*d - 4*m - 12 - 0. Suppose 0 = -d*k - 9*k + 182. What is the greatest common divisor of 21 and k?
7
Suppose -5*h = -5, f = 3*h - 0*h + 55. Let i = 56 - f. Let u be i/(3*4/(-48)). What is the greatest common divisor of 24 and u?
8
Suppose 9 = -16*b + 2329. What is the greatest common divisor of b and 1537?
29
Let w(q) = -2*q**3 - 3*q**2 + 3*q - 4. Let s be w(-5). Suppose -37*r - 1788 = -186*r. Calculate the greatest common divisor of r and s.
12
Suppose -9*p - 5*u + 260 = -4*p, -p = -4*u - 17. Let r = 174 - -36. Calculate the greatest common divisor of r and p.
15
Suppose 9546 = 85*a - 159094. What is the greatest common factor of 31 and a?
31
Let x(t) = -3*t - 60. Let l be x(-23). Let v be (-29045)/20 + 1/4. Let w be (-1)/(-3) + v/(-18). What is the highest common divisor of w and l?
9
Suppose 686 = 4*s + 2*a, -3*s = -7*s + 5*a + 721. What is the highest common divisor of s and 8816?
58
Suppose f = -489 + 535. Calculate the highest common factor of f and 32637.
23
Suppose -4*p - 28 = -5*d, -27 = -3*d - 0*p - p. Calculate the highest common factor of d and 212.
4
Suppose 5*v = 23*b - 25*b + 1340, -20 = 5*v. Calculate the highest common factor of b and 250.
10
Let m(i) = 13*i + 106. Let u be m(-8). Suppose 0 = 10*n + u*n - 624. Calculate the greatest common factor of n and 13.
13
Let j = -41 + 73. Let x = 1251 - 643. Calculate the highest common divisor of j and x.
32
Let k = -1238 - -1298. What is the greatest common factor of 8500 and k?
20
Let j be (136/16)/(2/4). Suppose 5*o - 306 = -2*p, -o + 2*p = -j - 49. What is the highest common divisor of 155 and o?
31
Let j(b) = b + 15. Let n be 606/54 - (16/36)/2. Let a be j(n). What is the greatest common factor of a and 208?
26
Let g = 50 + -48. Let v(t) = 87*t**3 + t**2 + t - 2. Let w be v(g). Suppose f + w = 5*f. What is the greatest common divisor of f and 25?
25
Let h be (43 - (-3 - -3)) + 3*1. Suppose -5*t = -3*c + 159, -14*t - h = -c - 10*t. What is the greatest common divisor of 29 and c?
29
Let h be 30*(-5 - -6) + -1. Suppose -h*d = -24*d - 65. Suppose i - 7 = 32. What is the greatest common factor of d and i?
13
Let t = 1 + -1. Suppose 2*f - 3*w - 34 = 0, 33*f - 5*w - 22 = 34*f. Suppose -f*c - 3*c + 990 = t. Calculate the greatest common factor of 18 and c.
18
Suppose 207*f = 81*f + 50400. What is the greatest common factor of f and 848?
16
Let i be (-3*(-10)/(-30))/((-2)/(-26)). Let j be (i/(-26))/(1/6). Suppose 0*s = 5*s - 5. What is the greatest common factor of s and j?
1
Let h(f) = f**3 + 2*f**2 - 2. Let l be h(1). Let d = 1 + l. Suppose -2*z - d*z + 76 = 0. What is the highest common divisor of z and 19?
19
Suppose 108*y - 26906 = 310. What is the greatest common factor of y and 161?
7
Let z(l) be the second derivative of 23/12*l**4 + 14/3*l**3 + 2*l + 7*l**2 + 0 + 1/20*l**5. Let k be z(-21). Calculate the highest common divisor of 44 and k.
44
Let u be (1 - (-21)/9)/(-2)*-54. Let w = -54 + u. Let d be 1*(w/(-10) + 3)*-15. Calculate the highest common divisor of d and 207.
9
Let w(b) = b**2 - 4*b + 2. Let k be w(6). Suppose -4*s + 792 = 4*c, s - 97 - 97 = -3*c. Let y = -196 + s. What is the highest common divisor of y and k?
2
Let c be 623/49 + (-4)/(-14). Let m = c + 2. Let l(o) = 338*o - 3215. Let y be l(10). Calculate the highest common divisor of m and y.
15
Let f be (-16)/(-2176)*3281 - (-2)/(-16). Calculate the highest common factor of f and 75.
3
Let p(z) be the second derivative of -z**3/2 - 33*z**2/2 - 65*z. Let u be p(-25). What is the highest common divisor of u and 7?
7
Let k = 29 - 6. Let c(z) = -z + 48. Let t be c(k). Let r be 1795/t + (-2)/(-10). Calculate the greatest common divisor of r and 9.
9
Let g(j) = -3*j**3 + 4*j**2 + 3*j + 7. Let a be g(-4). Suppose -201 + a = 5*k. Suppose -2*r = -14 + k. Calculate the greatest common divisor of 10 and r.
2
Let i be (-69)/((-7452)/312) + (-2)/(-18). Let v(m) = 3*m**3. Let c be v(1). What is the highest common divisor of c and i?
3
Let g be 10 - (5 - 8) - 3. Let p be g + -5 + (9 - 1). What is the highest common divisor of 13 and p?
13
Let k(j) = 457*j + 233. Let x be k(6). Let w = x - 1515. Calculate the greatest common divisor of 20 and w.
20
Suppose 25*i = 3*i + 39424. Suppose 26*g + i = 10060. Calculate the greatest common factor of 6 and g.
6
Let c(k) = -6*k**2 + 41*k + 10. Let u be c(7). Suppose 10*m - 15*m + 239 = 2*t, u*t - m = 350. What is the greatest common factor of t and 18?
9
Let f = -57176 + 57320. Let z(h) = 33*h. Let o be z(6). Calculate the highest common divisor of f and o.
18
Suppose 0 = -r + w + 1107, 2*r = -w - 579 + 2784. What is the highest common factor of r and 30?
6
Let q = 606 + -598. Suppose -2*s = -q, -29*w = -33*w + 5*s + 640. What is the highest common factor of 55 and w?
55
Let q be (-241227840)/(-3990) + (-2)/19. Calculate the greatest common factor of 43 and q.
43
Let z(c) = -5*c**3 - 6*c**2 - 15*c - 6. Let y be z(-2). Calculate the greatest common factor of y and 3380.
20
Let f = -30339 + 30424. Calculate the highest common divisor of f and 1139.
17
Let t(s) = -s**3 - 9*s**2 - 7*s + 7. Let w be t(-8). Let l be 0 + 210 - (5 + -4 - w). What is the greatest common factor of 78 and l?
26
Let y be (4 - 1) + 20/8*(-432)/(-15). What is the h